[INFO] fetching crate pin-api 0.2.1...
[INFO] checking pin-api-0.2.1 against master#cfbc6d4cf1acbac5c025acf8ed68929caa551df3 for pr-75494-beta
[INFO] extracting crate pin-api 0.2.1 into /workspace/builds/worker-1/source
[INFO] validating manifest of crates.io crate pin-api 0.2.1 on toolchain cfbc6d4cf1acbac5c025acf8ed68929caa551df3
[INFO] running `Command { std: "/workspace/cargo-home/bin/cargo" "+cfbc6d4cf1acbac5c025acf8ed68929caa551df3" "read-manifest" "--manifest-path" "Cargo.toml", kill_on_drop: false }`
[INFO] started tweaking crates.io crate pin-api 0.2.1
[INFO] finished tweaking crates.io crate pin-api 0.2.1
[INFO] tweaked toml for crates.io crate pin-api 0.2.1 written to /workspace/builds/worker-1/source/Cargo.toml
[INFO] running `Command { std: "/workspace/cargo-home/bin/cargo" "+cfbc6d4cf1acbac5c025acf8ed68929caa551df3" "generate-lockfile" "--manifest-path" "Cargo.toml" "-Zno-index-update", kill_on_drop: false }`
[INFO] running `Command { std: "/workspace/cargo-home/bin/cargo" "+cfbc6d4cf1acbac5c025acf8ed68929caa551df3" "fetch" "--locked" "--manifest-path" "Cargo.toml", kill_on_drop: false }`
[INFO] running `Command { std: "docker" "create" "-v" "/var/lib/crater-agent-workspace/builds/worker-1/target:/opt/rustwide/target:rw,Z" "-v" "/var/lib/crater-agent-workspace/builds/worker-1/source:/opt/rustwide/workdir:ro,Z" "-v" "/var/lib/crater-agent-workspace/cargo-home:/opt/rustwide/cargo-home:ro,Z" "-v" "/var/lib/crater-agent-workspace/rustup-home:/opt/rustwide/rustup-home:ro,Z" "-e" "SOURCE_DIR=/opt/rustwide/workdir" "-e" "CARGO_TARGET_DIR=/opt/rustwide/target" "-e" "CARGO_HOME=/opt/rustwide/cargo-home" "-e" "RUSTUP_HOME=/opt/rustwide/rustup-home" "-w" "/opt/rustwide/workdir" "-m" "1610612736" "--user" "0:0" "--network" "none" "rustops/crates-build-env@sha256:a636fd89d022f18117e1dc8fb37a0a009933cdbbe082814857f0e2024962d47c" "/opt/rustwide/cargo-home/bin/cargo" "+cfbc6d4cf1acbac5c025acf8ed68929caa551df3" "metadata" "--no-deps" "--format-version=1", kill_on_drop: false }`
[INFO] [stdout] 4d065b08e062bb8c61ba7d5b73ae2c143fa95caaa6447f89a41cda971306bd7a
[INFO] [stderr] WARNING: Your kernel does not support swap limit capabilities or the cgroup is not mounted. Memory limited without swap.
[INFO] running `Command { std: "docker" "start" "-a" "4d065b08e062bb8c61ba7d5b73ae2c143fa95caaa6447f89a41cda971306bd7a", kill_on_drop: false }`
[INFO] running `Command { std: "docker" "inspect" "4d065b08e062bb8c61ba7d5b73ae2c143fa95caaa6447f89a41cda971306bd7a", kill_on_drop: false }`
[INFO] running `Command { std: "docker" "rm" "-f" "4d065b08e062bb8c61ba7d5b73ae2c143fa95caaa6447f89a41cda971306bd7a", kill_on_drop: false }`
[INFO] [stdout] 4d065b08e062bb8c61ba7d5b73ae2c143fa95caaa6447f89a41cda971306bd7a
[INFO] running `Command { std: "docker" "create" "-v" "/var/lib/crater-agent-workspace/builds/worker-1/target:/opt/rustwide/target:rw,Z" "-v" "/var/lib/crater-agent-workspace/builds/worker-1/source:/opt/rustwide/workdir:ro,Z" "-v" "/var/lib/crater-agent-workspace/cargo-home:/opt/rustwide/cargo-home:ro,Z" "-v" "/var/lib/crater-agent-workspace/rustup-home:/opt/rustwide/rustup-home:ro,Z" "-e" "SOURCE_DIR=/opt/rustwide/workdir" "-e" "CARGO_TARGET_DIR=/opt/rustwide/target" "-e" "CARGO_INCREMENTAL=0" "-e" "RUST_BACKTRACE=full" "-e" "RUSTFLAGS=--cap-lints=forbid" "-e" "CARGO_HOME=/opt/rustwide/cargo-home" "-e" "RUSTUP_HOME=/opt/rustwide/rustup-home" "-w" "/opt/rustwide/workdir" "-m" "1610612736" "--user" "0:0" "--network" "none" "rustops/crates-build-env@sha256:a636fd89d022f18117e1dc8fb37a0a009933cdbbe082814857f0e2024962d47c" "/opt/rustwide/cargo-home/bin/cargo" "+cfbc6d4cf1acbac5c025acf8ed68929caa551df3" "check" "--frozen" "--all" "--all-targets" "--message-format=json", kill_on_drop: false }`
[INFO] [stdout] 69cbc5d4e8af09930ecb1b8265129c08ddebabd464a34351dbce6f085aaff5e1
[INFO] [stderr] WARNING: Your kernel does not support swap limit capabilities or the cgroup is not mounted. Memory limited without swap.
[INFO] running `Command { std: "docker" "start" "-a" "69cbc5d4e8af09930ecb1b8265129c08ddebabd464a34351dbce6f085aaff5e1", kill_on_drop: false }`
[INFO] [stderr]     Blocking waiting for file lock on package cache
[INFO] [stderr]     Checking pin-api v0.2.1 (/opt/rustwide/workdir)
[INFO] [stdout] warning: lint `incoherent_fundamental_impls` has been removed: `converted into hard error, see issue #46205 <https://github.com/rust-lang/rust/issues/46205> for more information`
[INFO] [stdout]   --> src/boxed.rs:39:9
[INFO] [stdout]    |
[INFO] [stdout] 39 | #[allow(incoherent_fundamental_impls)]
[INFO] [stdout]    |         ^^^^^^^^^^^^^^^^^^^^^^^^^^^^
[INFO] [stdout]    |
[INFO] [stdout]    = note: `#[warn(renamed_and_removed_lints)]` on by default
[INFO] [stdout] 
[INFO] [stdout] 
[INFO] [stdout] error[E0554]: `#![feature]` may not be used on the beta release channel
[INFO] [stdout]  --> src/lib.rs:2:34
[INFO] [stdout]   |
[INFO] [stdout] 2 | #![cfg_attr(feature = "nightly", feature(fundamental, optin_builtin_traits, coerce_unsized, unsize))]
[INFO] [stdout]   |                                  ^^^^^^^^^^^^^^^^^^^^^^^^^^^^^^^^^^^^^^^^^^^^^^^^^^^^^^^^^^^^^^^^^^
[INFO] [stdout] 
[INFO] [stdout] 
[INFO] [stdout] error[E0119]: conflicting implementations of trait `std::convert::Into<std::boxed::Box<_>>` for type `boxed::PinBox<_>`:
[INFO] [stdout]   --> src/boxed.rs:40:1
[INFO] [stdout]    |
[INFO] [stdout] 40 | impl<T: Unpin + ?Sized> Into<Box<T>> for PinBox<T> {
[INFO] [stdout]    | ^^^^^^^^^^^^^^^^^^^^^^^^^^^^^^^^^^^^^^^^^^^^^^^^^^
[INFO] [stdout]    |
[INFO] [stdout]    = note: conflicting implementation in crate `core`:
[INFO] [stdout]            - impl<T, U> std::convert::Into<U> for T
[INFO] [stdout]              where U: std::convert::From<T>;
[INFO] [stdout]    = note: downstream crates may implement trait `std::convert::From<boxed::PinBox<_>>` for type `std::boxed::Box<_>`
[INFO] [stdout] 
[INFO] [stdout] 
[INFO] [stdout] warning: lint `incoherent_fundamental_impls` has been removed: `converted into hard error, see issue #46205 <https://github.com/rust-lang/rust/issues/46205> for more information`
[INFO] [stdout]   --> src/boxed.rs:39:9
[INFO] [stdout]    |
[INFO] [stdout] 39 | #[allow(incoherent_fundamental_impls)]
[INFO] [stdout]    |         ^^^^^^^^^^^^^^^^^^^^^^^^^^^^
[INFO] [stdout]    |
[INFO] [stdout]    = note: `#[warn(renamed_and_removed_lints)]` on by default
[INFO] [stdout] 
[INFO] [stdout] 
[INFO] [stdout] error: aborting due to 2 previous errors; 1 warning emitted
[INFO] [stdout] 
[INFO] [stdout] 
[INFO] [stdout] Some errors have detailed explanations: E0119, E0554.
[INFO] [stdout] 
[INFO] [stdout] For more information about an error, try `rustc --explain E0119`.
[INFO] [stdout] 
[INFO] [stderr] error: could not compile `pin-api`.
[INFO] [stderr] 
[INFO] [stderr] To learn more, run the command again with --verbose.
[INFO] [stderr] warning: build failed, waiting for other jobs to finish...
[INFO] [stdout] error[E0554]: `#![feature]` may not be used on the beta release channel
[INFO] [stdout]  --> src/lib.rs:2:34
[INFO] [stdout]   |
[INFO] [stdout] 2 | #![cfg_attr(feature = "nightly", feature(fundamental, optin_builtin_traits, coerce_unsized, unsize))]
[INFO] [stdout]   |                                  ^^^^^^^^^^^^^^^^^^^^^^^^^^^^^^^^^^^^^^^^^^^^^^^^^^^^^^^^^^^^^^^^^^
[INFO] [stdout] 
[INFO] [stdout] 
[INFO] [stdout] error[E0119]: conflicting implementations of trait `std::convert::Into<std::boxed::Box<_>>` for type `boxed::PinBox<_>`:
[INFO] [stdout]   --> src/boxed.rs:40:1
[INFO] [stdout]    |
[INFO] [stdout] 40 | impl<T: Unpin + ?Sized> Into<Box<T>> for PinBox<T> {
[INFO] [stdout]    | ^^^^^^^^^^^^^^^^^^^^^^^^^^^^^^^^^^^^^^^^^^^^^^^^^^
[INFO] [stdout]    |
[INFO] [stdout]    = note: conflicting implementation in crate `core`:
[INFO] [stdout]            - impl<T, U> std::convert::Into<U> for T
[INFO] [stdout]              where U: std::convert::From<T>;
[INFO] [stdout]    = note: downstream crates may implement trait `std::convert::From<boxed::PinBox<_>>` for type `std::boxed::Box<_>`
[INFO] [stdout] 
[INFO] [stdout] 
[INFO] [stdout] error: aborting due to 2 previous errors; 1 warning emitted
[INFO] [stdout] 
[INFO] [stdout] 
[INFO] [stdout] Some errors have detailed explanations: E0119, E0554.
[INFO] [stdout] 
[INFO] [stdout] For more information about an error, try `rustc --explain E0119`.
[INFO] [stdout] 
[INFO] [stderr] error: build failed
[INFO] running `Command { std: "docker" "inspect" "69cbc5d4e8af09930ecb1b8265129c08ddebabd464a34351dbce6f085aaff5e1", kill_on_drop: false }`
[INFO] running `Command { std: "docker" "rm" "-f" "69cbc5d4e8af09930ecb1b8265129c08ddebabd464a34351dbce6f085aaff5e1", kill_on_drop: false }`
[INFO] [stdout] 69cbc5d4e8af09930ecb1b8265129c08ddebabd464a34351dbce6f085aaff5e1
